f f(c).
7
Let f(x) be the third derivative of x**6/120 - x**5/60 - x**4/6 - x**3/6 + 4*x**2. What are the prime factors of f(3)?
5
Let v = 4 + -2. Suppose -v*f - 2*f = -36. What are the prime factors of f?
3
Let m(y) = y + 6. Let j = -12 - -17. What are the prime factors of m(j)?
11
Let r(u) = u**3 - 4*u**2 - 6*u + 1. Let n be r(5). What are the prime factors of 2*((-170)/n)/5?
17
Suppose 94 = c + 12. What are the prime factors of c?
2, 41
Suppose -4*c + 252 = -4*v - 112, -2*c - 6 = 0. Suppose 0 = -3*f - 18 + 60. List the prime factors of (-4)/(-14) - v/f.
7
What are the prime factors of -1*(-2 + 2) + (-6 - -158)?
2, 19
Suppose 5*c + 3 = 2*c. List the prime factors of c*(-21 + -2)*1.
23
Suppose 9*i - 134 = 4*i - g, i = -g + 26. What are the prime factors of i?
3
Suppose 4 = -n + 3*l, 37 = 2*n - 5*n + 4*l. Let x = 44 + n. Suppose 2*y - m + 2 = 19, -x = -y - 5*m. List the prime factors of y.
2, 5
Let r(d) = d**3 + 4*d**2 - 3*d + 1. What are the prime factors of r(2)?
19
Let l = -6 + 6. Let a(r) = -r + 16. What are the prime factors of a(l)?
2
Let h = 7 - 5. Let j(c) = -3*c + 3*c**h + 3*c - 1. List the prime factors of j(-1).
2
Suppose 3*f + 6 + 50 = 5*n, -2*f + 58 = 4*n. Suppose -t + v = -5, 2*t = -3*t - v + n. List the prime factors of 2/4*(23 + t).
13
Let x(m) = -34*m - 34. Let q(g) = 7*g + 7. Let z(l) = -11*q(l) - 2*x(l). Let i(h) = -h - 1. Let r(o) = 12*i(o) - z(o). List the prime factors of r(-3).
2, 3
Suppose 3*d + 2*o - 1164 = 5*o, -5*o + 418 = d. List the prime factors of d.
3, 131
Let o(b) = b**2 + 21*b + 47. What are the prime factors of o(-19)?
3
Let b = -54 - -97. What are the prime factors of b?
43
Suppose -3*z = -7*z + 8. Suppose z*c - 36 = 14. List the prime factors of c.
5
Let o = -14 - -19. List the prime factors of o.
5
Let o = -23 + -1. Let s = -16 - o. What are the prime factors of s?
2
Suppose 4*z - 12 = l + 8, 0 = -5*z - l + 34. List the prime factors of ((-82)/z - -3)*-3.
2
Let g(i) be the first derivative of -i**2/2 + i + 1. List the prime factors of g(-4).
5
Suppose -5*f + t = -74, -t + 5*t - 79 = -5*f. Suppose -j = 4*l - 1, -3*j + 14 = 5*l - 4*l. List the prime factors of 9 - j/(f/6).
7
Let f(o) = o**2 - 2*o**3 - 2*o**3 + 4*o**3 + o**3 - o + 1. Let j be f(-2). What are the prime factors of j + (-6)/3 + 12?
3
Let j(c) = c**3 + 6*c**2 + 4*c - 2. Let b be j(-5). Suppose -r - b = -2*r. List the prime factors of r.
3
Let f be 25/10*(4 + -2). Suppose f*b - 181 = -5*m - 71, 0 = -3*m - 4*b + 71. List the prime factors of m.
17
Suppose -b = 3*b + 16. What are the prime factors of b/(-20) - 357/(-15)?
2, 3
Let u(x) = -6*x - 6. Let m be u(-4). Suppose 0 = 3*r - 5*r + m. What are the prime factors of r?
3
Let j = 56 - -5. What are the prime factors of j?
61
Let y = -31 - -52. Let m = y + -29. Let v(h) = h**3 + 9*h**2 + 6*h - 4. List the prime factors of v(m).
2, 3
Let m(d) = -45*d + 2. What are the prime factors of m(-1)?
47
What are the prime factors of 18/20*-26*(-2 - 3)?
3, 13
Suppose 0 = 5*w - 2*a + 5, -5*w = -3*a - 2 + 7. Let p(j) = -j + 1. Let h(o) = 4*o - 2. Let d(g) = w*h(g) - 5*p(g). List the prime factors of d(6).
3
Let n = 470 + -88. What are the prime factors of n?
2, 191
Let v = -38 + 41. List the prime factors of v.
3
Let n = 1088 + -714. List the prime factors of n.
2, 11, 17
Suppose -o + 2*o - 2 = 0. Let a(s) = 3*s**o + s**3 + 0*s**2 + 1 - 5*s**2. List the prime factors of a(3).
2, 5
Suppose -1 = t + 5. Suppose -8 = 4*o + l, 5 = -2*o - 4*l + 1. Let z = o - t. What are the prime factors of z?
2
List the prime factors of 2/(-4) - (-22)/4.
5
Suppose d - 166 = 3*t, 8*d - 498 = 5*d - t. List the prime factors of d.
2, 83
Let t = 109 - 56. Suppose 2*a + 72 = -2*p, -3*p - 174 = 2*p - a. Let q = p + t. List the prime factors of q.
2, 3
Suppose 4*v - 77 + 0 = -3*c, -2*v - c + 37 = 0. Suppose -l + 11 = -v. List the prime factors of l.
2, 7
Suppose -8 = -4*t + 4. Suppose -2*k + 23 = -t. List the prime factors of k.
13
Let y(a) = 42*a**2 - 1. What are the prime factors of y(-1)?
41
Suppose 2*g = -4*r + 46, -3*r - g = -0*r - 34. Suppose -3*l = -0*i - i - 22, -2*l = 3*i - r. What are the prime factors of l?
7
Let y(b) = 2*b**2 - 8*b + 7. Let c be y(5). Suppose p = -4, -m - 5*p = 2*m + c. Suppose 5 + m = w. List the prime factors of w.
2, 3
Let h be ((-32)/(-20))/(4/10). Suppose -2*l + 0 = -88. Suppose h*d = -0*d + l. What are the prime factors of d?
11
Let c(s) = 13*s**2 - 50*s + 10. What are the prime factors of c(7)?
3, 11
List the prime factors of (6/14 - (-30056)/119) + -4.
3, 83
List the prime factors of (12/(-5))/(6/(-120)).
2, 3
Let l be (-1 - -3) + 0 + 0. Suppose l*r - 6*r = -12. List the prime factors of r + (-2)/4*0.
3
Let m = -32 + 99. List the prime factors of m.
67
Let x = -9 - -15. Suppose x*f - 32 = 2*f. What are the prime factors of f?
2
Let y(w) = -7*w**2 - 2*w - 1. Let r be y(-1). Let k be r/15 - 272/(-5). Suppose 5*f = 3*x + k, -3*f - 2*f - 2*x + 39 = 0. List the prime factors of f.
3
Let j be -2 + 0 + (35 - 2). Let o = j + -17. Suppose 5*m - 5*x - 30 = -0*m, 3*m - 5*x - o = 0. What are the prime factors of m?
2
Suppose 0 = -5*u + 2*q - 2, -4*q = 4*u + 3 - 7. Let a be 3/15 + 51/(-5). What are the prime factors of -1*a/(u - -1)?
2, 5
Suppose 0 = -d + 5*j - 12, 0 = -2*d - j + 4 + 5. Suppose 10 = -2*v + d*v. What are the prime factors of v?
2, 5
Let h(n) = -32*n. Let f be h(-1). Suppose 0*o - f = -4*o. What are the prime factors of o?
2
Let k(f) = -f**2 + 1. Let w be k(3). Let x be 106/4 + 4/w. Suppose -2*n - 2*l + x = 0, 2*n + 4*l = 3*n - 23. What are the prime factors of n?
3, 5
Suppose -47 = 5*l + 88. Let g = l - -37. What are the prime factors of g?
2, 5
Suppose -b + 12 = -14. Suppose 43 = 3*r + y, 3*r - 2*y = 2*r + b. What are the prime factors of r?
2
Let i = -112 + 233. List the prime factors of i.
11
Suppose 5*i + 83 = 8. What are the prime factors of (-402)/i + (-4)/(-20)?
3
Let d = -256 + 429. Suppose -d = -4*a + 3*r, 2*a + 0*a - 89 = r. What are the prime factors of a?
47
What are the prime factors of (4/8 + -1)*-4?
2
Let d be (-23)/(-1) - (1 - 1). Let p(t) = 2*t**2 + 4*t - 4. Let q be p(-4). Let c = d - q. What are the prime factors of c?
11
Suppose -2*r + 12 + 42 = 0. What are the prime factors of r?
3
Let c = 0 - 5. Let m(b) = b**2 - 6*b - 7. Let z be m(c). Suppose 3*o = -o + z. List the prime factors of o.
2, 3
Suppose -3*v = -4*v + 5. Let q = 26 - v. List the prime factors of q.
3, 7
Let l be (-75)/(-10)*(-74)/3. Let o be l/(-20) + 3/4. List the prime factors of o*(-3)/(-12)*2.
5
Let g(c) = -c**2 - 2*c. Let l be g(2). Let i = l + 8. Suppose -a - z = -2, i*a = -3*a + 2*z + 21. List the prime factors of a.
5
Suppose 131 - 26 = 4*d - 5*m, -128 = -5*d + 3*m. List the prime factors of d.
5
Let x be 39/((42/4)/7). Let j = 86 - x. What are the prime factors of j?
2, 3, 5
Let u(t) = -t**2 - 5*t + 3. Let i be u(-5). Suppose 25 = i*x + 5*k - 18, -k = 2*x - 17. What are the prime factors of x?
2, 3
Let a = -489 + 736. List the prime factors of a.
13, 19
Let a(h) = h**2 - 3*h + 2. Let l be a(-3). List the prime factors of ((-7)/(-2))/(2/l).
5, 7
Let t(k) = -k**2 - 7*k - 5. Let u be t(-5). Suppose q + 0*d - 17 = -d, d = u*q - 97. List the prime factors of q.
19
Suppose -4*k + 31 = -17. List the prime factors of k.
2, 3
Let o(i) = i**2 - 2*i + 115. List the prime factors of o(0).
5, 23
